 + 4*r + 22, l = 5*r + 8 + 9. Calculate the remainder when 12 is divided by 3 - (0 - (l + 0)).
2
Let t = 410 - 403. What is the remainder when 153 is divided by t?
6
Let k be (0 + -4)/(-2 + 1). Suppose -2*s - 6*p = -2*p - 68, -k*p - 184 = -4*s. Calculate the remainder when s is divided by 11.
9
Suppose 6*x + 4*x = 150. What is the remainder when 492 is divided by x?
12
Let o(f) = 47*f. Let m(q) = q**2 + q + 3. Let w be m(0). Suppose -3*t = w*p - 18, 0*p - 19 = t - 4*p. What is the remainder when o(t) is divided by 16?
15
Let u = 1 - 0. Calculate the remainder when 34 is divided by (u - (-2)/(-12))/((-2)/(-12)).
4
What is the remainder when 22 is divided by 54*7*(-7)/(-147)?
4
Suppose 75 = 4*t - 3*t. Let x = -22 + t. Calculate the remainder when x is divided by 28.
25
What is the remainder when 133 is divided by 148/4*3/9*3?
22
Suppose -8*y = -1687 - 2065. Let j = -297 + y. What is the remainder when j is divided by 29?
27
Suppose 2*o = -2*b + 338, -15*b + 672 = -11*b + 2*o. Calculate the remainder when b is divided by 8.
7
Let h = 36 - -7. Suppose -22 = -3*r + 5*c, 4*r + 2*c - 9 = 3. Suppose -5*n - l + 110 = 0, r*l = -n + 5*l + 22. Calculate the remainder when h is divided by n.
21
Let s(b) = -20*b**2 + 6*b + 56. Let c(a) = 4*a**2 - a - 11. Let p(j) = 16*c(j) + 3*s(j). What is the remainder when p(-4) is divided by 17?
14
Let w(v) = 49*v - 151. Calculate the remainder when w(18) is divided by 148.
139
What is the remainder when 170 is divided by 65 + -8 + 2 + -5 + 5?
52
Suppose -208 = 5*v - 428. Calculate the remainder when 208 is divided by v.
32
Calculate the remainder when 6 is divided by ((-4)/(-12))/(4/48).
2
Suppose 0 = 2*z + r - 42, -z + 10 = -3*r - 18. Calculate the remainder when 259 is divided by z.
17
Suppose 4*l = 483 + 329. Let p = -183 + l. What is the remainder when (-1)/(-3) - 340/(-6) is divided by p?
17
Let y = -20 + 46. Suppose 5*m + y = 6*m. What is the remainder when 50 is divided by m?
24
Let x be (-277)/(-4) + 1/(-4). Suppose x = 5*j - 191. What is the remainder when j is divided by (22/6)/(14/42)?
8
Suppose k + 3*q = -6, 0*k - 2*q = -4*k + 32. Let u(o) = -o**2 + 6*o + 5. Let i be u(k). Suppose -6 - 24 = -i*z. Calculate the remainder when z is divided by 4.
2
Let a(g) = 16*g + 16. Let x(v) = 3*v + 3. Let y(w) = -6*a(w) + 33*x(w). What is the remainder when 53 is divided by y(5)?
17
Suppose -8*x + 29*x = 189. Calculate the remainder when 45 is divided by x.
0
Let n = -344 - -379. What is the remainder when n is divided by 13?
9
Let k(n) = n + 13. Let t be k(-13). Let v be (t - 0/1)/(-1). Suppose 2*d + 2*d = v, 4*s - 20 = d. What is the remainder when s is divided by 3?
2
Let b(w) = -w - 12. Let l be b(-16). Suppose 0 - 8 = -l*h, -u + 54 = -3*h. What is the remainder when u is divided by 16?
12
Let c(n) = -n**3 + 15*n**2 + 14*n - 39. Calculate the remainder when c(15) is divided by 39.
15
Suppose 18*f - 24 = 15*f. Calculate the remainder when ((-2064)/(-64))/(6/f) is divided by 11.
10
Let s be (140/12 - 1)/(1/(-3)). Let g = s + 36. What is the remainder when 1/(-1) + (-1 - -15) is divided by g?
1
Suppose 0 = -v - 2*v + 9. Suppose 13*l - 18*l = -3*a - 77, 4*l = 2*a + 64. What is the remainder when 56 + 1/(2 - v) is divided by l?
17
Let y = 13 - 7. Suppose -y*x = -4*x - 14. Let j(u) = u**3 + 2*u**2 - 5*u - 3. Calculate the remainder when x is divided by j(-3).
1
Let h = 16 + -28. Let k be ((-16)/h - 2)*-66. Suppose -2*j + 0*j + k = 0. What is the remainder when j is divided by 12?
10
Calculate the remainder when (0 - -316)*(-26)/(-104) is divided by (-255)/(-12) + 1/(-4).
16
Suppose 5*h + 584 = 4*v + 47, h + 99 = 5*v. Let k = -31 - h. What is the remainder when k is divided by 20?
18
Let c = 152 + -20. What is the remainder when c is divided by 19?
18
Let z(x) = -47*x + 0 + 29*x + 2*x**2 - 3*x**2 + 18. What is the remainder when 67 is divided by z(-17)?
32
Suppose 2*b - 130 = 4*t - 460, -2*t + 4*b = -156. What is the remainder when t is divided by 22?
18
Let h = 21 + -52. Suppose -27 - 43 = 5*f. Let o = f - h. Calculate the remainder when o is divided by 6.
5
Let n be (6 - 5)/(1/11). Calculate the remainder when 59 is divided by (36 - n)*(-4)/(-5).
19
Let f = -273 - -285. Suppose -f*d = -726 - 510. Let w = -39 - -74. Calculate the remainder when d is divided by w.
33
Suppose 0 = -3*o + 3*i, -2*o - 3*i + 12 - 2 = 0. Suppose -o*d + 115 + 34 = -3*a, -2*a = -d + 74. Calculate the remainder when d is divided by 40.
36
Suppose -3*l + l + 5 = -5*t, -4*t + 5 = -l. Suppose 102*g = -54*g + 13728. Calculate the remainder when g is divided by l.
13
Let p(k) = 4*k**2 + 13*k - 50. Calculate the remainder when 171 is divided by p(3).
21
Suppose -r + 261 = 5*m - 8*m, m = -5*r + 1337. Calculate the remainder when r is divided by 55.
47
Let z = 23 - 13. Let p = -118 + 121. Suppose 0 = -w - 5*d + 4, w - p*d = 2*w - 14. Calculate the remainder when w is divided by z.
9
Let b = 62 - 62. Suppose 4*t + 4*p + b*p = 168, -p - 84 = -2*t. Calculate the remainder when t is divided by 11.
9
Let b(x) = -12*x + 66. Let w be b(5). Suppose 680 = 4*t - 4*i, -w*i + 170 = t - i. Calculate the remainder when t is divided by 43.
41
Suppose 2*n - 12 - 10 = 0. Let f be (-10)/(((-6)/15)/((-1)/(-5))). Suppose 4*l + 30 = f*l. Calculate the remainder when l is divided by n.
8
Let o = -3927 - -3931. Suppose 66 - 11 = 3*n - 5*j, 3*j = 2*n - 35. Calculate the remainder when n is divided by o.
2
Let l = 22 + -4. Calculate the remainder when l is divided by 11.
7
Suppose 0 = -5*k + 2*b - 3*b + 89, 4*k = -4*b + 68. Calculate the remainder when 50 is divided by k.
14
Let t = -20 + 59. Let b(m) = -3*m + 28 - 20 - 21. Calculate the remainder when t is divided by b(-11).
19
Suppose j + 65 = 6*j - 5*q, 61 = 5*j - 3*q. Suppose 8*y = -1319 + 1575. Calculate the remainder when y is divided by j.
10
Let m = 1646 + -1532. What is the remainder when m is divided by 29?
27
Let h = -41 + 88. What is the remainder when h is divided by 8?
7
What is the remainder when 1*(-3)/(-2)*(-7124)/(-78) is divided by 20?
17
Let w(u) = u**3 - 5*u**2 + 4*u - 27. Calculate the remainder when w(8) is divided by 18.
17
Let l(y) = 27*y + 69. Calculate the remainder when l(0) is divided by 44.
25
Let v(j) = 4*j - 7*j + j - 15. Calculate the remainder when v(-11) is divided by 7.
0
Let p(b) = -486*b - 1. Let r be p(-1). Suppose 10*h = 95 + r. What is the remainder when h is divided by 16?
10
Suppose -m - 5*t + 52 = 0, -4*m = -t - t - 274. Let w = -40 + m. Suppose -j - k = -3*j + 7, -3*k = 2*j - w. Calculate the remainder when 16 is divided by j.
4
Let k = 367 - 355. What is the remainder when 17 is divided by k?
5
Let c be 44/12 + 2/(-3). Suppose 3*y = 2*s + 3*s - 178, -c*y - 3 = 0. Suppose 0 = -8*d + 10*d - 38. Calculate the remainder when s is divided by d.
16
Suppose a + d = 34, 123 = 4*a + d - 16. Calculate the remainder when a is divided by 20.
15
Let i(q) = 2*q**2 - 2*q - 4. Let v(l) = 3*l**2 - 2*l - 3. Let f(k) = -2*i(k) + 3*v(k). Let y = 99 - 70. Calculate the remainder when y is divided by f(2).
14
Suppose 51 + 3 = 18*v. Calculate the remainder when v is divided by 2/(-5) - 7/(-5).
0
Suppose -7*i + 18*i - 1111 = 0. What is the remainder when i is divided by -3 + (-3 - -8) - -24?
23
Let d(n) = 7*n - 27*n - 13 - 28*n. Calculate the remainder when d(-2) is divided by 28.
27
Let w be 24/2*3/(-4). Let i be 2/3 - 102/w. Suppose -x = -2*x + i. Calculate the remainder when 21 is divided by x.
9
Let p(a) = -5. Let d(v) = -v - 14. Let t(o) = 4*d(o) - 11*p(o). Let w be t(-4). Suppose -w - 5 = -5*m. What is the remainder when 9 is divided by m?
1
Let k = 24 - 42. Let h = -13 - k. What is the remainder when h is divided by 5?
0
Suppose 133 = -6*t + 421. Calculate the remainder when 113 is divided by t.
17
Let s(x) = 10*x**2 + 6*x - 3. Calculate the remainder when s(1) is divided by 3.
1
Let f be -3 + (6/(-1))/(-2). Suppose f = -3*s - 8*s + 209. Calculate the remainder when s is divided by 4/14 - (-33)/7.
4
Let w(t) = 2*t**3 - 8*t**2 - 6*t - 7. What is the remainder when 63 is divided by w(5)?
11
Let m(t) = -4 - 5*t + t - t + t**2 + 0*t. Let j be 2 + 10*3/6. Calculate the remainder when 38 is divided by m(j).
8
Let c(l) = -l**2 - 9*l - 7. Let o be c(-8). What is the remainder when 39 is divided by 25/o*(-18